mmon divisor of 231 and 144683?
77
Calculate the highest common factor of 165423 and 88061.
823
What is the greatest common divisor of 70895 and 25?
5
What is the greatest common factor of 1956 and 4116?
12
What is the highest common divisor of 2203 and 3093012?
2203
Calculate the greatest common factor of 147 and 164444.
49
Calculate the greatest common divisor of 224 and 1944544.
224
What is the greatest common divisor of 24 and 3474832?
8
What is the highest common divisor of 468 and 1360424?
52
What is the highest common factor of 725 and 758930?
145
What is the highest common factor of 188 and 77362?
94
What is the greatest common factor of 89516 and 14?
14
Calculate the greatest common divisor of 609 and 903.
21
What is the greatest common divisor of 210 and 208635?
105
Calculate the highest common factor of 108 and 9738.
18
What is the greatest common factor of 2056 and 13621?
257
What is the greatest common divisor of 352 and 97196?
44
Calculate the greatest common factor of 9047 and 581.
83
What is the highest common divisor of 8 and 587812?
4
Calculate the highest common factor of 1476 and 39600.
36
Calculate the highest common divisor of 45445 and 610.
305
Calculate the greatest common factor of 206414 and 442.
442
Calculate the highest common divisor of 60 and 79710.
30
What is the highest common factor of 42140 and 107500?
860
What is the highest common divisor of 12306 and 644?
14
Calculate the highest common divisor of 1427348 and 416.
52
Calculate the greatest common divisor of 89958 and 14946.
282
What is the highest common factor of 36936 and 81?
81
Calculate the highest common factor of 4330 and 160.
10
What is the greatest common factor of 16 and 27628?
4
What is the highest common factor of 723 and 1293?
3
What is the greatest common factor of 64000 and 175?
25
What is the greatest common factor of 6594 and 4627889?
1099
Calculate the highest common divisor of 42 and 385062.
6
What is the highest common factor of 301638 and 14?
2
Calculate the greatest common divisor of 7055 and 6640.
415
What is the highest common factor of 579 and 24704?
193
Calculate the highest common divisor of 18864 and 167156.
524
Calculate the greatest common divisor of 37 and 48.
1
Calculate the highest common divisor of 1881 and 55005.
57
What is the greatest common factor of 960 and 75120?
240
What is the greatest common divisor of 3173 and 36406?
167
Calculate the greatest common factor of 504 and 28602.
126
What is the greatest common factor of 6533 and 49961?
47
What is the highest common factor of 6 and 321030?
6
Calculate the greatest common divisor of 104 and 15704.
104
What is the greatest common factor of 102 and 154275?
51
What is the greatest common factor of 363 and 132528?
33
What is the highest common divisor of 153272 and 41699?
1127
What is the highest common divisor of 271 and 1?
1
Calculate the highest common factor of 2680915 and 2620.
655
What is the highest common factor of 7 and 1467669?
7
Calculate the greatest common divisor of 3500004 and 1109.
1109
Calculate the greatest common factor of 912314 and 52.
26
What is the highest common factor of 58459 and 50738?
1103
Calculate the greatest common factor of 234 and 92586.
78
Calculate the highest common factor of 1688 and 1311998.
422
Calculate the greatest common factor of 112 and 3318.
14
Calculate the greatest common divisor of 2288 and 364.
52
What is the highest common divisor of 13326 and 14?
2
What is the highest common factor of 11986 and 65?
13
What is the greatest common divisor of 5252366 and 14?
14
What is the highest common factor of 388 and 172951?
97
Calculate the highest common divisor of 386 and 60409.
193
What is the greatest common divisor of 942 and 635379?
471
Calculate the highest common factor of 16761 and 3775.
151
What is the greatest common divisor of 25 and 2540?
5
What is the greatest common factor of 10701768 and 1848?
1848
What is the highest common divisor of 1228182 and 2?
2
What is the highest common divisor of 106 and 4616035?
53
Calculate the greatest common factor of 64345 and 170.
85
Calculate the greatest common factor of 16056 and 648.
72
Calculate the greatest common divisor of 89474 and 14014.
1078
Calculate the greatest common factor of 37176 and 48.
24
Calculate the highest common divisor of 272 and 258536.
136
What is the greatest common divisor of 24 and 2420?
4
What is the greatest common factor of 1365 and 26145?
105
Calculate the highest common divisor of 305 and 85.
5
Calculate the highest common factor of 11615 and 259065.
505
What is the highest common divisor of 7747 and 2257?
61
Calculate the greatest common factor of 88776 and 54.
54
What is the greatest common divisor of 283 and 647221?
283
What is the highest common factor of 4 and 2359012?
4
Calculate the greatest common factor of 52959 and 254.
127
Calculate the highest common divisor of 730470 and 780.
390
Calculate the greatest common factor of 1056 and 20912.
16
What is the greatest common factor of 2635453 and 239?
239
What is the highest common factor of 81417 and 63?
21
What is the greatest common factor of 23000 and 403075?
575
What is the highest common factor of 70 and 1659245?
35
What is the greatest common divisor of 29 and 3010867?
29
Calculate the highest common divisor of 262 and 394.
2
Calculate the greatest common factor of 12255 and 4560.
285
What is the greatest common divisor of 494781 and 21?
21
What is the highest common factor of 4430 and 8?
2
Calculate the highest common factor of 121728 and 300.
12
Calculate the greatest common factor of 66516 and 6.
6
Calculate the greatest common divisor of 5 and 104495.
5
Calculate the greatest common factor of 4602 and 32981.
767
What is the greatest common divisor of 7 and 5639158?
7
Calculate the highest common divisor of 169 and 2887365.
169
What is the greatest common factor of 24180 and 5301?
93
What is the greatest common divisor of 256 and 288?
32
Calculate the greatest common divisor of 376 and 1430257.
47
What is the highest common divisor of 161472 and 4128?
96
Calculate the highest common factor of 140555 and 60.
5
What is the highest common factor of 6191397 and 9?
9
Calculate the highest common factor of 2340 and 3627.
117
What is the greatest common factor of 37 and 985606?
37
What is the highest common factor of 992 and 20344928?
992
What is the greatest common factor of 995250 and 4?
2
What is the highest common factor of 114 and 4593?
3
Calculate the greatest common divisor of 115 and 908891.
23
What is the highest common factor of 16 and 1690?
2
What is the highest common factor of 66 and 2882?
22
Calculate the highest common factor of 517 and 1584.
11
Calculate the highest common factor of 189260 and 20.
20
Calculate the greatest common divisor of 518 and 22015.
259
Calculate the greatest common factor of 1570863 and 1302.
651
What is the highest common factor of 10584 and 7497?
441
What is the greatest common divisor of 1819 and 2033?
107
Calculate the greatest common factor of 100 and 22850.
50
Calculate the greatest common factor of 9 and 71731.
1
Calculate the greatest common divisor of 47 and 4219472.
47
What is the highest common factor of 1892 and 14749?
43
What is the highest common divisor of 9641 and 279?
31
Calculate the greatest common divisor of 4395432 and 1473.
1473
Calculate the highest common divisor of 96 and 148584.
24
Calculate the greatest common factor of 160 and 321040.
80
Calculate the highest common factor of 1080 and 9960.
120
Calculate the highest common divisor of 237 and 28519.
79
What is the highest common factor of 1416382 and 66?
22
Calculate the greatest common factor of 119 and 88417.
119
What is the highest common factor of 1602 and 5162178?
534
What is the greatest common factor of 30 and 55065?
15
What is the highest common factor of 375990 and 2718?
906
What is the greatest common factor of 643980 and 380?
20
What is the greatest common factor of 57777 and 27?
3
Calculate the highest common factor of 4271204 and 824.
412
Calculate the greatest common divisor of 41454 and 94.
94
What is the greatest common factor of 1120 and 416255?
35
Calculate the greatest common divisor of 1196 and 343850.
598
What is the highest common divisor of 19848 and 1797